{"id":191,"date":"2024-02-15T23:12:12","date_gmt":"2024-02-16T02:12:12","guid":{"rendered":"https:\/\/picciblog.com.br\/?page_id=191"},"modified":"2024-03-16T10:04:39","modified_gmt":"2024-03-16T13:04:39","slug":"o-monstro-guarda-chuva","status":"publish","type":"page","link":"https:\/\/picciblog.com.br\/index.php\/o-monstro-guarda-chuva\/","title":{"rendered":"O MONSTRO GUARDA-CHUVA"},"content":{"rendered":"\n<p><strong>O MONTRO GUARDA-CHUVA<\/strong><\/p>\n\n\n\n<p><strong>Conto Francisco Piccirilo<\/strong><\/p>\n\n\n\n<p>Afirmei em um dos meus artigos, que n\u00e3o acreditava em almas do outro mundo, porque elas se apresentariam em diversas formas, inclusive de animais. Por\u00e9m, certa ocasi\u00e3o apareceu-me uma coisa sobrenatural que at\u00e9 hoje assusta-me s\u00f3 por pensamento.<\/p>\n\n\n\n<p>Todas as noites ap\u00f3s terminado as atividades do dia, antes de dormir, ajoelhava e fazia minhas ora\u00e7\u00f5es. Rezava, n\u00e3o s\u00f3 para agradecer mais uma jornada de lutas, como tamb\u00e9m pedir a Deus um boa noite; bom sonho e sobretudo, tranquilidade. E isso \u00e9 natural, pois o outro dia seria mais uma batalha de sacrif\u00edcios na luta cotidiana pela vida. Orava tamb\u00e9m pela felicidade da fam\u00edlia; parentes e amigos. Todavia, essas penitencias eram feitas a base de luz apagada, por economia. No entanto, era comum perceber qualquer coisa de anormal. Seria tenta\u00e7\u00e3o?<\/p>\n\n\n\n<p>Na vida dos santos, encontramos epis\u00f3dios que, quando eles oravam,&nbsp;os&nbsp;dem\u00f4nios&nbsp;em atentavam-lhes, Santo Antonio de P\u00e1dua; S\u00e3o Francisco de Assis e outros grandes da Igreja, constantemente eram v\u00edtimas e para expuls\u00e1-los, faziam penitencias; dobravam os jejuns; chicoteavam seus pr\u00f3prios corpos e procuravam cada vez mais a perfei\u00e7\u00e3o espiritual, por\u00e9m e eu? Quando me ajoelhava, era para rezar algumas ora\u00e7\u00f5es, dirigir os agradecimentos e pedir as ben\u00e7\u00e3os de Deus. Por\u00e9m, tinha a certeza de n\u00e3o estar em estado de santidade. Ser santo n\u00e3o \u00e9 f\u00e1cil. Por que ent\u00e3o as tenta\u00e7\u00f5es?<\/p>\n\n\n\n<p>Os dem\u00f4nios s\u00e3o ruins. Entretanto, eles tamb\u00e9m querem almas para seu reino. Por isso, pegar almas como a de S\u00e3o Jeronimo; S\u00e3o Vicente de Paulo: S\u00e3o Pedro Ap\u00f3stolo e outros, eram interessantes, mas para que a minha? figura apagada e desconhecida.!<\/p>\n\n\n\n<p>Os santos, pelo seu grau de virtude e poderes, atraiam in\u00fameras pessoas para o cristianismo, mas eu, mal podendo comigo mesmo, que preju\u00edzo poderia causar ao reino de Satan\u00e1s? Entretanto, nessa noite estava rezando, como sempre fazia. La fora chovia torrencialmente. Em casa todos tinham-se recolhidos. O sil\u00eancio era grande. Em meu quarto junto ao Oratorio Zinho, escutava minhas pr\u00f3prias palavras pronunciadas muito&nbsp;baixinhas. N\u00e3o sei se era sono motivado pelo cansa\u00e7o ou o longo tempo ajoelhado. Em dado momento, vi um enorme vulto postado no canto do quarto. Assustei-me horrivelmente e n\u00e3o pude gritar; a voz n\u00e3o saia. Apertei rapidamente a pera e acendi a luz. N\u00e3o vi nada, isto \u00e9, apenas um modesto guarda-chuva posto ali por mim mesmo. O objeto saiu do canto imediatamente, mas fiquei profundamente impressionado, pois todas as vezes que me lembro, os pelos do corpo&nbsp;se&nbsp;eri\u00e7am.<\/p>\n\n\n\n<p class=\"has-text-align-right\">Limeira maio de 1963<\/p>\n\n\n\n<div class=\"wp-block-comments\">\n\n\n\n\n\n\t<div id=\"respond\" class=\"comment-respond wp-block-post-comments-form\">\n\t\t<h3 id=\"reply-title\" class=\"comment-reply-title\">Leave a Reply <small><a rel=\"nofollow\" id=\"cancel-comment-reply-link\" href=\"\/index.php\/wp-json\/wp\/v2\/pages\/191#respond\" style=\"display:none;\">Cancel reply<\/a><\/small><\/h3><form action=\"https:\/\/picciblog.com.br\/wp-comments-post.php\" method=\"post\" id=\"commentform\" class=\"comment-form\"><p class=\"comment-notes\"><span id=\"email-notes\">Your email address will not be published.<\/span> <span class=\"required-field-message\">Required fields are marked <span class=\"required\">*<\/span><\/span><\/p><p class=\"comment-form-comment\"><label for=\"comment\">Comment <span class=\"required\">*<\/span><\/label> <textarea id=\"comment\" name=\"comment\" cols=\"45\" rows=\"8\" maxlength=\"65525\" required=\"required\"><\/textarea><\/p><p class=\"comment-form-author\"><label for=\"author\">Name <span class=\"required\">*<\/span><\/label> <input id=\"author\" name=\"author\" type=\"text\" value=\"\" size=\"30\" maxlength=\"245\" autocomplete=\"name\" required=\"required\" \/><\/p>\n<p class=\"comment-form-email\"><label for=\"email\">Email <span class=\"required\">*<\/span><\/label> <input id=\"email\" name=\"email\" type=\"text\" value=\"\" size=\"30\" maxlength=\"100\" aria-describedby=\"email-notes\" autocomplete=\"email\" required=\"required\" \/><\/p>\n<p class=\"comment-form-url\"><label for=\"url\">Website<\/label> <input id=\"url\" name=\"url\" type=\"text\" value=\"\" size=\"30\" maxlength=\"200\" autocomplete=\"url\" \/><\/p>\n<p class=\"comment-form-cookies-consent\"><input id=\"wp-comment-cookies-consent\" name=\"wp-comment-cookies-consent\" type=\"checkbox\" value=\"yes\" \/> <label for=\"wp-comment-cookies-consent\">Save my name, email, and website in this browser for the next time I comment.<\/label><\/p>\n<p class=\"form-submit\"><input name=\"submit\" type=\"submit\" id=\"submit\" class=\"submit\" value=\"Post Comment\" \/> <input type='hidden' name='comment_post_ID' value='191' id='comment_post_ID' \/>\n<input type='hidden' name='comment_parent' id='comment_parent' value='0' \/>\n<\/p><\/form>\t<\/div><!-- #respond -->\n\t<\/div>\n","protected":false},"excerpt":{"rendered":"<p>O MONTRO GUARDA-CHUVA Conto Francisco Piccirilo Afirmei em um dos meus artigos, que n\u00e3o acreditava em almas do outro mundo, porque elas se apresentariam em diversas formas, inclusive de animais. Por\u00e9m, certa ocasi\u00e3o apareceu-me uma coisa sobrenatural que at\u00e9 hoje assusta-me s\u00f3 por pensamento. Todas as noites ap\u00f3s terminado as atividades do dia, antes de [&hellip;]<\/p>\n","protected":false},"author":1,"featured_media":0,"parent":0,"menu_order":0,"comment_status":"open","ping_status":"closed","template":"","meta":{"saved_in_kubio":false,"om_disable_all_campaigns":false,"_monsterinsights_skip_tracking":false,"_monsterinsights_sitenote_active":false,"_monsterinsights_sitenote_note":"","_monsterinsights_sitenote_category":0,"_uf_show_specific_survey":0,"_uf_disable_surveys":false,"footnotes":""},"class_list":["post-191","page","type-page","status-publish","hentry"],"aioseo_notices":[],"kubio_ai_page_context":{"short_desc":"","purpose":"general"},"_links":{"self":[{"href":"https:\/\/picciblog.com.br\/index.php\/wp-json\/wp\/v2\/pages\/191","targetHints":{"allow":["GET"]}}],"collection":[{"href":"https:\/\/picciblog.com.br\/index.php\/wp-json\/wp\/v2\/pages"}],"about":[{"href":"https:\/\/picciblog.com.br\/index.php\/wp-json\/wp\/v2\/types\/page"}],"author":[{"embeddable":true,"href":"https:\/\/picciblog.com.br\/index.php\/wp-json\/wp\/v2\/users\/1"}],"replies":[{"embeddable":true,"href":"https:\/\/picciblog.com.br\/index.php\/wp-json\/wp\/v2\/comments?post=191"}],"version-history":[{"count":2,"href":"https:\/\/picciblog.com.br\/index.php\/wp-json\/wp\/v2\/pages\/191\/revisions"}],"predecessor-version":[{"id":318,"href":"https:\/\/picciblog.com.br\/index.php\/wp-json\/wp\/v2\/pages\/191\/revisions\/318"}],"wp:attachment":[{"href":"https:\/\/picciblog.com.br\/index.php\/wp-json\/wp\/v2\/media?parent=191"}],"curies":[{"name":"wp","href":"https:\/\/api.w.org\/{rel}","templated":true}]}}

<p><strong>O MONTRO GUARDA-CHUVA</strong></p>



<p><strong>Conto Francisco Piccirilo</strong></p>



<p>Afirmei em um dos meus artigos, que não acreditava em almas do outro mundo, porque elas se apresentariam em diversas formas, inclusive de animais. Porém, certa ocasião apareceu-me uma coisa sobrenatural que até hoje assusta-me só por pensamento.</p>



<p>Todas as noites após terminado as atividades do dia, antes de dormir, ajoelhava e fazia minhas orações. Rezava, não só para agradecer mais uma jornada de lutas, como também pedir a Deus um boa noite; bom sonho e sobretudo, tranquilidade. E isso é natural, pois o outro dia seria mais uma batalha de sacrifícios na luta cotidiana pela vida. Orava também pela felicidade da família; parentes e amigos. Todavia, essas penitencias eram feitas a base de luz apagada, por economia. No entanto, era comum perceber qualquer coisa de anormal. Seria tentação?</p>



<p>Na vida dos santos, encontramos episódios que, quando eles oravam,&nbsp;os&nbsp;demônios&nbsp;em atentavam-lhes, Santo Antonio de Pádua; São Francisco de Assis e outros grandes da Igreja, constantemente eram vítimas e para expulsá-los, faziam penitencias; dobravam os jejuns; chicoteavam seus próprios corpos e procuravam cada vez mais a perfeição espiritual, porém e eu? Quando me ajoelhava, era para rezar algumas orações, dirigir os agradecimentos e pedir as bençãos de Deus. Porém, tinha a certeza de não estar em estado de santidade. Ser santo não é fácil. Por que então as tentações?</p>



<p>Os demônios são ruins. Entretanto, eles também querem almas para seu reino. Por isso, pegar almas como a de São Jeronimo; São Vicente de Paulo: São Pedro Apóstolo e outros, eram interessantes, mas para que a minha? figura apagada e desconhecida.!</p>



<p>Os santos, pelo seu grau de virtude e poderes, atraiam inúmeras pessoas para o cristianismo, mas eu, mal podendo comigo mesmo, que prejuízo poderia causar ao reino de Satanás? Entretanto, nessa noite estava rezando, como sempre fazia. La fora chovia torrencialmente. Em casa todos tinham-se recolhidos. O silêncio era grande. Em meu quarto junto ao Oratorio Zinho, escutava minhas próprias palavras pronunciadas muito&nbsp;baixinhas. Não sei se era sono motivado pelo cansaço ou o longo tempo ajoelhado. Em dado momento, vi um enorme vulto postado no canto do quarto. Assustei-me horrivelmente e não pude gritar; a voz não saia. Apertei rapidamente a pera e acendi a luz. Não vi nada, isto é, apenas um modesto guarda-chuva posto ali por mim mesmo. O objeto saiu do canto imediatamente, mas fiquei profundamente impressionado, pois todas as vezes que me lembro, os pelos do corpo&nbsp;se&nbsp;eriçam.</p>



<p class="has-text-align-right">Limeira maio de 1963</p>



<div class="wp-block-comments">





	<div id="respond" class="comment-respond wp-block-post-comments-form">
		<h3 id="reply-title" class="comment-reply-title">Leave a Reply <small><a rel="nofollow" id="cancel-comment-reply-link" href="/index.php/wp-json/wp/v2/pages/191#respond" style="display:none;">Cancel reply</a></small></h3><form action="https://picciblog.com.br/wp-comments-post.php" method="post" id="commentform" class="comment-form"><p class="comment-notes"><span id="email-notes">Your email address will not be published.</span> <span class="required-field-message">Required fields are marked <span class="required">*</span></span></p><p class="comment-form-comment"><label for="comment">Comment <span class="required">*</span></label> <textarea id="comment" name="comment" cols="45" rows="8" maxlength="65525" required="required"></textarea></p><p class="comment-form-author"><label for="author">Name <span class="required">*</span></label> <input id="author" name="author" type="text" value="" size="30" maxlength="245" autocomplete="name" required="required" /></p>
<p class="comment-form-email"><label for="email">Email <span class="required">*</span></label> <input id="email" name="email" type="text" value="" size="30" maxlength="100" aria-describedby="email-notes" autocomplete="email" required="required" /></p>
<p class="comment-form-url"><label for="url">Website</label> <input id="url" name="url" type="text" value="" size="30" maxlength="200" autocomplete="url" /></p>
<p class="comment-form-cookies-consent"><input id="wp-comment-cookies-consent" name="wp-comment-cookies-consent" type="checkbox" value="yes" /> <label for="wp-comment-cookies-consent">Save my name, email, and website in this browser for the next time I comment.</label></p>
<p class="form-submit"><input name="submit" type="submit" id="submit" class="submit" value="Post Comment" /> <input type='hidden' name='comment_post_ID' value='191' id='comment_post_ID' />
<input type='hidden' name='comment_parent' id='comment_parent' value='0' />
</p></form>	</div><!-- #respond -->
	</div>

<p>O MONTRO GUARDA-CHUVA Conto Francisco Piccirilo Afirmei em um dos meus artigos, que não acreditava em almas do outro mundo, porque elas se apresentariam em diversas formas, inclusive de animais. Porém, certa ocasião apareceu-me uma coisa sobrenatural que até hoje assusta-me só por pensamento. Todas as noites após terminado as atividades do dia, antes de [&hellip;]</p>
